 number?
True
Is 5927321 composite?
False
Is 10622335 a prime number?
False
Is 121326157 composite?
True
Is 1283537 a composite number?
False
Is 329723879 prime?
False
Is 3634531 prime?
True
Is 71234821 a prime number?
False
Is 1360589 a prime number?
True
Is 17273477 prime?
False
Is 76822633 a prime number?
True
Is 309464983 a composite number?
False
Is 10778497 prime?
True
Is 41307517 prime?
False
Is 3738829 composite?
False
Is 10613461 composite?
True
Is 4747829 composite?
False
Is 198804062 a prime number?
False
Is 9103901 prime?
True
Is 122423629 a prime number?
False
Is 170510057 composite?
False
Is 912685 prime?
False
Is 852637 a prime number?
False
Is 859751 prime?
True
Is 237863 a prime number?
False
Is 5069759 prime?
True
Is 14341709 a composite number?
True
Is 360225403 composite?
False
Is 11227415 prime?
False
Is 1563661 prime?
False
Is 1953907 composite?
True
Is 306211 a prime number?
False
Is 1941169 prime?
True
Is 806131 composite?
True
Is 22953089 composite?
False
Is 175645093 prime?
False
Is 1938339319 prime?
False
Is 54319865 prime?
False
Is 21270421 a composite number?
True
Is 1643219 a composite number?
False
Is 238213 prime?
True
Is 6353617 a composite number?
False
Is 2115343 a prime number?
True
Is 22786079 a composite number?
False
Is 1679901 composite?
True
Is 97034597 composite?
True
Is 2451203 a composite number?
False
Is 9293341 a composite number?
False
Is 11702905 prime?
False
Is 5656439 a prime number?
True
Is 1514879 a prime number?
True
Is 40300135 a composite number?
True
Is 11252515 a prime number?
False
Is 3140191 a prime number?
False
Is 49450573 a prime number?
True
Is 2458423 a prime number?
False
Is 2986349 composite?
False
Is 11037193 prime?
True
Is 85297 composite?
False
Is 3305303 composite?
False
Is 119702017 a composite number?
False
Is 19559141 prime?
False
Is 10127279 prime?
True
Is 22812598 a composite number?
True
Is 1252811 a composite number?
True
Is 17133349 composite?
False
Is 8494711 prime?
True
Is 455419 prime?
True
Is 1610249 prime?
False
Is 314363 composite?
True
Is 890257 composite?
True
Is 2487722555 a prime number?
False
Is 277885351 a composite number?
False
Is 2680301 a prime number?
False
Is 258621713 a composite number?
True
Is 44703677 prime?
False
Is 580157 prime?
False
Is 760404299 a composite number?
True
Is 145505903 a composite number?
False
Is 1737311 prime?
True
Is 3147763 a composite number?
False
Is 24972305 composite?
True
Is 1580063 a prime number?
False
Is 31924531 a prime number?
True
Is 183474157 prime?
False
Is 291353563 composite?
True
Is 28259113 a prime number?
True
Is 2938294 prime?
False
Is 9210629 composite?
True
Is 35959933 a prime number?
True
Is 291924929 prime?
True
Is 2649785 composite?
True
Is 13016233 a prime number?
False
Is 94930399 prime?
True
Is 59355803 a composite number?
True
Is 167135 a prime number?
False
Is 607181 prime?
True
Is 4097477 composite?
True
Is 6881603 a composite number?
False
Is 73241081 a composite number?
False
Is 106890351 a composite number?
True
Is 29487943 a composite number?
True
Is 26073907 a prime number?
True
Is 113422063 prime?
True
Is 2211409 a composite number?
False
Is 8118461 composite?
True
Is 331099103 a composite number?
False
Is 454874221 composite?
False
Is 507779 prime?
True
Is 414160301 a composite number?
False
Is 4965269 a composite number?
False
Is 10913437 composite?
True
Is 2330909 prime?
False
Is 12547027 a composite number?
True
Is 63223421 a prime number?
True
Is 370308007 a prime number?
True
Is 215910635 a composite number?
True
Is 17631127 composite?
False
Is 45748453 a composite number?
False
Is 10094911 prime?
True
Is 847309 composite?
False
Is 10233199 composite?
False
Is 23010353 composite?
True
Is 32732223 prime?
False
Is 5156867 prime?
False
Is 554287 a composite number?
True
Is 1618039 a prime number?
True
Is 27492302 prime?
False
Is 3074893 a prime number?
False
Is 330834683 a composite number?
True
Is 49363 prime?
True
Is 1919455 prime?
False
Is 522293 prime?
False
Is 24833089 composite?
False
Is 68812333 a prime number?
True
Is 244273 prime?
False
Is 250575881 prime?
True
Is 64994173 a prime number?
True
Is 25282189 composite?
False
Is 4598887 a composite number?
False
Is 129478233 a composite number?
True
Is 813403 composite?
True
Is 341833 composite?
True
Is 56333 prime?
True
Is 441175283 prime?
False
Is 251285531 prime?
False
Is 1061441 a prime number?
True
Is 636713783 a composite number?
False
Is 221711921 composite?
False
Is 69883973 a composite number?
True
Is 57235 a composite number?
True
Is 480287 a composite number?
False
Is 6339233 prime?
False
Is 6106729 a prime number?
True
Is 3387653 a composite number?
False
Is 9530363 a composite number?
False
Is 936647 a composite number?
False
Is 46973011 a prime number?
False
Is 11069687 prime?
False
Is 19012819 prime?
False
Is 3305983 a composite number?
False
Is 1221901 a composite number?
True
Is 67813189 prime?
False
Is 2390951 a prime number?
True
Is 12619877 a prime number?
True
Is 2246483 a composite number?
False
Is 8975689 a composite number?
False
Is 118914149 prime?
True
Is 7444529 composite?
False
Is 5319737 a prime number?
True
Is 6804689 a prime number?
True
Is 121362635 a prime number?
False
Is 384961 prime?
True
Is 13288069 prime?
False
Is 25143827 composite?
True
Is 6537107 prime?
False
Is 80165053 prime?
False
Is 17215885 a composite number?
True
Is 7349207 composite?
True
Is 5422057 prime?
False
Is 738501 a prime number?
False
Is 890317 a prime number?
True
Is 1678141 a composite number?
True
Is 107101597 prime?
False
Is 338602811 prime?
False
Is 249518105 a prime number?
False
Is 27218213 a composite number?
True
Is 9013639 composite?
False
Is 16045423 a composite number?
True
Is 22102565 composite?
True
Is 3309269 composite?
False
Is 1969147 a prime number?
True
Is 274565134 composite?
True
Is 46474949 composite?
True
Is 100921487 a composite number?
True
Is 5253351 a composite number?
True
Is 143165987 a prime number?
False
Is 33919078 a composite number?
True
Is 11312183 a composite number?
False
Is 1532777 a composite number?
True
Is 5095081 composite?
False
Is 19936739 composite?
False
Is 456591 composite?
True
Is 370583 a composite number?
True
Is 25944914 composite?
True
Is 233887 prime?
False
Is 36980947 composite?
True
Is 95084789 a prime number?
False
Is 8021729 composite?
False
Is 1543993 a composite number?
True
Is 162474563 a composite number?
False
Is 3253631 prime?
True
Is 6982946 composite?
True
Is 507497483 prime?
True
Is 8743089 a prime number?
False
Is 8660107 a composite number?
False
Is 87583997 composite?
True
Is 6921709 prime?
True
Is 6510793 a composite number?
False
Is 166760959 prime?
True
Is 102494593 a composite number?
False
Is 1484697149 composite?
True
Is 12967953 a composite number?
True
Is 157808411 composite?
False
Is 17057267 a composite number?
False
Is 2221829 composite?
False
Is 6198163 a prime number?
False
Is 393700243 composite?
True
Is 18253294 prime?
False
Is 205616365 a composite number?
True
Is 107827 composite?
False
Is 9984467 prime?
False
Is 1237513 prime?
True
Is 98318443 a prime number?
True
Is 25269773 a composite number?
False
Is 1093927 a composite number?
False
Is 148978757 a prime number?
True
Is 17765871 a composite number?
True
Is 197906203 a composite number?
True
Is 6758195 a prime number?
False
Is 6486934 a prime number?
False
Is 162394 a composite number?
True
Is 34554613 composite?
False
Is 15813799 a prime number?
False
Is 3401407 prime?
False
Is 162252091 a prime number?
False
Is 17179333 a composite number?
True
Is 317885 composite?
True
Is 5039319 a prime number?
False
Is 2362417 composite?
True
Is 86981795 prime?
False
Is 89878051 a composite number?
True
Is 3529131 a composite number?
True
Is 5599183 a composite number?
True
Is 37070473 a prime number?
False
Is 142895 a composite number?
True
Is 3252281 a composite number?
False
Is 30898961 prime?
True
Is 1541051 prime?
True
Is 2392419 a prime number?
False
Is 18804677 a composite number?
False
Is 3771881 a composite number?
False
Is 6244543 a composite number?
True
Is 41396579 prime?
False
Is 6411791 prime?
True
Is 13753919 a prime number?
True
Is 8929603 a composite number?
False
Is 9893707 